is divided by 7442?
1447
Calculate the remainder when 12765280 is divided by 43.
42
What is the remainder when 131411 is divided by 21731?
1025
Calculate the remainder when 18603537 is divided by 27.
24
Calculate the remainder when 8156134 is divided by 2718701.
31
What is the remainder when 2066137 is divided by 9792?
25
Calculate the remainder when 959307 is divided by 725.
132
Calculate the remainder when 4438476 is divided by 11.
9
What is the remainder when 505187 is divided by 476?
151
What is the remainder when 1061025 is divided by 14338?
13
What is the remainder when 1101269 is divided by 2746?
123
Calculate the remainder when 57871648 is divided by 1483888.
16
What is the remainder when 1391453 is divided by 514?
55
Calculate the remainder when 2145675 is divided by 2582.
33
Calculate the remainder when 22502 is divided by 21141.
1361
What is the remainder when 7870202 is divided by 127?
12
What is the remainder when 1046232 is divided by 47556?
0
What is the remainder when 2348 is divided by 317?
129
Calculate the remainder when 7585899 is divided by 34958.
13
What is the remainder when 147462 is divided by 296?
54
Calculate the remainder when 1583321 is divided by 383.
382
Calculate the remainder when 876070 is divided by 1413.
10
Calculate the remainder when 58186 is divided by 3107.
2260
Calculate the remainder when 1912154 is divided by 1113.
20
Calculate the remainder when 60942 is divided by 3032.
302
Calculate the remainder when 224339 is divided by 806.
271
Calculate the remainder when 750904 is divided by 250292.
28
Calculate the remainder when 2098876 is divided by 502.
14
Calculate the remainder when 1005724 is divided by 881.
503
What is the remainder when 36959 is divided by 7066?
1629
Calculate the remainder when 5897425 is divided by 630.
625
What is the remainder when 810201 is divided by 642?
639
Calculate the remainder when 92327485 is divided by 6886.
6883
What is the remainder when 29368883 is divided by 2385?
2378
What is the remainder when 417229 is divided by 564?
433
Calculate the remainder when 542386 is divided by 1600.
1586
Calculate the remainder when 268664 is divided by 226.
176
What is the remainder when 218384060 is divided by 29?
24
What is the remainder when 1369195 is divided by 712?
19
What is the remainder when 874739 is divided by 80?
19
What is the remainder when 404513 is divided by 143?
109
Calculate the remainder when 499113 is divided by 680.
673
What is the remainder when 13687998 is divided by 4531?
4378
Calculate the remainder when 56789542 is divided by 56789529.
13
What is the remainder when 4533838 is divided by 1511203?
229
Calculate the remainder when 70868487 is divided by 5578.
5575
What is the remainder when 613027 is divided by 306087?
853
Calculate the remainder when 2100191 is divided by 700063.
2
Calculate the remainder when 126728 is divided by 126431.
297
What is the remainder when 109515646 is divided by 384?
382
Calculate the remainder when 30020488 is divided by 120.
88
Calculate the remainder when 207212 is divided by 4146.
4058
What is the remainder when 104157 is divided by 14240?
4477
What is the remainder when 86557 is divided by 16684?
3137
What is the remainder when 79671 is divided by 17279?
10555
Calculate the remainder when 5067630 is divided by 3507.
15
Calculate the remainder when 135152 is divided by 11976.
3416
Calculate the remainder when 27256527 is divided by 1362825.
27
Calculate the remainder when 1588670549 is divided by 14.
11
Calculate the remainder when 2818007 is divided by 682.
665
Calculate the remainder when 311149 is divided by 11.
3
Calculate the remainder when 143311 is divided by 202.
93
Calculate the remainder when 95731 is divided by 2337.
2251
Calculate the remainder when 358368 is divided by 179181.
6
Calculate the remainder when 1871157 is divided by 374222.
47
What is the remainder when 4404535 is divided by 95750?
35
Calculate the remainder when 8460034 is divided by 3904.
66
What is the remainder when 165587 is divided by 328?
275
Calculate the remainder when 509792 is divided by 618.
560
What is the remainder when 121027 is divided by 972?
499
What is the remainder when 6621446 is divided by 3324?
38
What is the remainder when 5084496 is divided by 17?
0
What is the remainder when 29769 is divided by 26653?
3116
What is the remainder when 11076 is divided by 1222?
78
What is the remainder when 1169607 is divided by 483?
264
Calculate the remainder when 3645822 is divided by 32845.
27
What is the remainder when 524758 is divided by 1161?
1147
Calculate the remainder when 509259598 is divided by 15.
13
What is the remainder when 6552349 is divided by 613?
605
Calculate the remainder when 368109 is divided by 73140.
2409
Calculate the remainder when 4701767 is divided by 3679.
5
What is the remainder when 19618349 is divided by 2056?
2053
Calculate the remainder when 8543791 is divided by 399.
4
What is the remainder when 352028399 is divided by 80?
79
What is the remainder when 187724052 is divided by 241?
235
What is the remainder when 218852 is divided by 425?
402
Calculate the remainder when 476889 is divided by 30.
9
What is the remainder when 73832668 is divided by 15?
13
What is the remainder when 44105 is divided by 8688?
665
What is the remainder when 646048 is divided by 645862?
186
Calculate the remainder when 2314011566 is divided by 16.
14
What is the remainder when 17281799 is divided by 455?
444
Calculate the remainder when 183847 is divided by 3059.
307
Calculate the remainder when 2704947 is divided by 471.
465
Calculate the remainder when 6799856 is divided by 67.
26
What is the remainder when 160889 is divided by 80028?
833
What is the remainder when 28816974 is divided by 28816971?
3
What is the remainder when 696056 is divided by 49712?
88
Calculate the remainder when 184201 is divided by 4365.
871
Calculate the remainder when 22252690 is divided by 4201.
4194
What is the remainder when 474496 is divided by 398?
80
Calculate the remainder when 11905362 is divided by 245.
77
What is the remainder when 422867086 is divided by 21?
19
What is the remainder when 1165 is divided by 941?
224
What is the remainder when 265460 is divided by 37828?
664
What is the remainder when 348041 is divided by 33?
23
What is the remainder when 44135888 is divided by 224040?
8
Calculate the remainder when 2194857 is divided by 27097.
0
Calculate the remainder when 17710 is divided by 1603.
77
Calculate the remainder when 35455 is divided by 28311.
7144
Calculate the remainder when 25537785 is divided by 723.
702
What is the remainder when 2230289 is divided by 80?
49
What is the remainder when 101388 is divided by 14470?
98
What is the remainder when 6097182 is divided by 2769?
2613
Calculate the remainder when 6082692 is divided by 431.
420
What is the remainder when 3567103 is divided by 101?
86
Calculate the remainder when 32418462 is divided by 26529.
24
What is the remainder when 19287942 is divided by 55907?
27
Calculate the remainder when 6329 is divided by 2085.
74
Calculate the remainder when 6323 is divided by 1965.
428
What is the remainder when 3407141 is divided by 1703490?
161
Calculate the remainder when 18377 is divided by 8643.
1091
What is the remainder when 11605680 is divided by 4041?
3969
Calculate the remainder when 206852670 is divided by 68950886.
12
What is the remainder when 460059 is divided by 130?
119
Calculate the remainder when 63777 is divided by 5759.
428
Calculate the remainder when 3826144 is divided by 137.
8
What is the remainder when 34179098 is divided by 1236?
1226
What is the remainder when 33452478 is divided by 147?
129
What is the remainder when 98811 is divided by 32921?
48
What is the remainder when 25454569 is divided by 1608?
1537
What is the remainder when 34332706 is divided by 149?
126
What is the remainder when 2515 is divided by 16?
3
Calculate the remainder when 657079 is divided by 1410.
19
Calculate the remainder when 24529333 is divided by 1752095.
3
Calculate the remainder when 1425608 is divided by 475184.
56
What is the remainder when 1908655 is divided by 156?
151
Calculate the remainder when 1594257 is divided by 335.
327
What is the remainder when 4408427 is divided by